er when o(3) is divided by l(5).
10
Let j = 314 - 208. What is the remainder when j is divided by 28?
22
Suppose -3*d - 2*p = -4*p + 7, -4*p + 9 = -5*d. Let q = d + 14. Suppose -2*a = -0*i - 5*i - 45, -3*i = -q. Calculate the remainder when a is divided by 16.
14
Let g(k) = -1 - 2 + 8 + 7*k**2. Let p be g(-4). Suppose 0 = 3*q + 36 - p. What is the remainder when q is divided by 14?
13
Suppose -4*t + 13*t - 54 = 0. Calculate the remainder when t is divided by 1.
0
Let j(k) = 3*k - 1. Let l be 28/12 - (-1)/(-3). What is the remainder when 19 is divided by j(l)?
4
Let y(x) = -x**3 - 5*x**2 + 32*x + 7. What is the remainder when y(-9) is divided by 15?
13
Suppose 4*v = -0*v + 188. Suppose -3*s = 4*h - v, -s + 6*s + 43 = 2*h. Calculate the remainder when h is divided by 5.
4
What is the remainder when 108 is divided by (5 - 4)*37 - 0?
34
Suppose 3*w - 34 = 32. Suppose -j + w = j. What is the remainder when j is divided by (-210)/(-40) + 3/4?
5
Suppose 84 = 3*q + o - 93, -4*q + 235 = o. Calculate the remainder when q is divided by 10.
8
Suppose 2*c = 5*w + c + 3, -5*w - 2*c + 6 = 0. Suppose 2*n - 15 - 1 = w. Calculate the remainder when 21 is divided by n.
5
Let p(k) = -2*k**3 - 2*k**2 + 2*k - 1. Let i be p(1). What is the remainder when 35 is divided by (-140)/(-12) - i/9?
11
Suppose 4*m - 261 = -73. Let x be 1/6 + 92/24. Suppose x*c = 3*c + 16. What is the remainder when m is divided by c?
15
Suppose -3 = 5*t - 18. Let g(b) = -b**3 + 5*b**2 - 3*b - 4. Let s be g(3). Let v(i) = i**3 - 4*i**2 - 2*i - 7. What is the remainder when v(s) is divided by t?
2
Let u(m) = m**2 + m - 7. Let f be u(-8). Let h = -35 + f. Suppose -5*g + 7 = -18. What is the remainder when h is divided by g?
4
Suppose 431 = -2*j - 1. What is the remainder when (6/(-9))/(2/j) is divided by 19?
15
Suppose 17*h - 220 = 12*h. Calculate the remainder when h is divided by 9.
8
Suppose -35 = -l - 4*l. Suppose z - 77 = -3*s, 0 = 2*s - 6*s + 3*z + 107. What is the remainder when s is divided by l?
5
Suppose -4*v = -4*d - 28, -4*v + 0*d - 2*d = -10. Suppose -v*n + 5*i = 3*i - 42, -5*i - 24 = -n. Calculate the remainder when 34 is divided by n.
7
What is the remainder when 78 is divided by (-8)/(-14) + (-283)/(-7)?
37
Suppose 0 = -b + 4, -5*b + 17 + 6 = i. Suppose -p + i = -32. Calculate the remainder when p is divided by 18.
17
Let t(x) be the first derivative of x**3/3 - 3*x**2/2 - 5. What is the remainder when 33 is divided by t(-3)?
15
Let k = 29 - 21. Suppose k*a - 3*a = 10. Calculate the remainder when 3 is divided by a.
1
Let a(l) = 2*l + 2. Let f be a(-6). Let h = 44 + f. Calculate the remainder when h is divided by 7.
6
Suppose 4*u - 5*z - 20 + 7 = 0, -3*z + 5 = 4*u. Suppose 68 = u*d - 2. What is the remainder when d is divided by 12?
11
Calculate the remainder when 66 is divided by (3/(-6))/(4/(-136)).
15
Suppose 0 = 3*k + 3*k - 102. Calculate the remainder when 84 is divided by k.
16
Suppose -76 = -2*a - 2*a. Suppose 2*d = 5*d - 6. Suppose 30 = d*g + g. What is the remainder when a is divided by g?
9
Suppose 4*h - 7 = 17. Suppose 4*s + 6 = h*s. Let k = -2 + 10. What is the remainder when k is divided by s?
2
Suppose -5*l - 5*o + 35 = 0, -3*l - o + 0 = -13. What is the remainder when 2 is divided by (1 - -1)/(l + -2)?
0
Suppose 0 = -2*o - 2. Suppose -5 - 13 = -3*s. What is the remainder when -1*(o - 10/1) is divided by s?
5
Suppose -2*u = -5*u + 63. Calculate the remainder when u is divided by 11.
10
Let z(p) = 14*p**2 - 3. Calculate the remainder when z(2) is divided by 18.
17
Let j be 18/(-3) + 4 + -1. Let u(n) = -2*n**3 - n**2 + n + 1. Suppose 0*v - 44 = -4*v. What is the remainder when u(j) is divided by v?
10
Let o(h) = -h**3 - h + 4. Let c(p) = p - 3. Calculate the remainder when c(13) is divided by o(0).
2
Let t(l) = -l**3 + 10*l**2 - 7*l + 4. Let w be t(4). Let i = -50 + w. Let k = i - -15. What is the remainder when k is divided by 19?
18
Let x = 175 + -144. What is the remainder when x is divided by 18?
13
Suppose 5*a - 240 = -5*t, -2*t + 95 = a + 2*a. Let p = 3 + -17. Let u = p - -27. What is the remainder when t is divided by u?
10
Suppose 7*w = -0*w + 553. Calculate the remainder when w is divided by 27.
25
Suppose 2*z - 3*b + 0*b - 43 = 0, 5*b = -3*z + 17. Suppose -12 = 5*u - 2, 0 = 5*x + 3*u - 99. Let q = x + -13. What is the remainder when z is divided by q?
6
Calculate the remainder when 22 is divided by (-4 - (-52)/4)/1.
4
Suppose -j = 4*j - 15. Suppose j*m = -5*w - 30, 0*w + 30 = -3*m + 2*w. Let l = 16 + m. What is the remainder when 16 is divided by l?
4
Let n(a) = -a**3 + 10*a**2 - 10*a + 3. Let s be n(7). Let q = s - 43. Let x = 12 - -1. What is the remainder when q is divided by x?
11
Let m be (9/(-6))/(9/(-24)). Suppose -134 = -5*r - p, 9*p = -2*r + m*p + 72. Calculate the remainder when r is divided by 7.
5
Let i = -10 + 10. Let p = 2 + i. Suppose -9 = -2*s - 5*y, 2*y = p*s - 3*y - 59. What is the remainder when s is divided by 5?
2
Let f be (1 + -1)/(-2) + -4. Let s = 9 - f. Calculate the remainder when 50 is divided by s.
11
Let i(t) = -3*t - 7. Suppose -4*u + 36 = -u. Calculate the remainder when i(-14) is divided by u.
11
Suppose 10*c = 15*c - 255. What is the remainder when c is divided by (-14 + 1)/(4 - 5)?
12
Let s = 390 - 243. Suppose 0 = 4*j, a - s = 3*j - 33. Suppose 2*d = 5*d - a. Calculate the remainder when d is divided by 20.
18
Let y = -36 + 84. What is the remainder when y is divided by 13?
9
Let c = -3 - 0. Let w be (-16)/c*(-6)/(-4). What is the remainder when (-58)/(-3) - w/(-12) is divided by 11?
9
Let v(i) = -i - 3. Let t(s) be the third derivative of s**3/2 + 4*s**2. Let f(k) = -3*t(k) - 2*v(k). Calculate the remainder when 35 is divided by f(6).
8
Suppose -7 = -3*y - 1. Suppose -3*o + 5*k + 73 - 8 = 0, -3*o = -y*k - 53. Suppose -5*q + 11 = -9. What is the remainder when o is divided by q?
3
Calculate the remainder when ((-3)/3)/(1/(-2)) is divided by 1.
0
Suppose 0 = 3*f - 14*f + 286. What is the remainder when f is divided by ((-4)/6)/(4/(-42))?
5
Let b(g) = -g - 5. Let u be b(-5). Suppose -224 = -4*i + 3*k, -2*k + 8 = -u*k. What is the remainder when i is divided by 20?
19
Let t = -2 + 3. Suppose 3*g = 7*g. Calculate the remainder when (g + 1)*(-3 + 4) is divided by t.
0
Let b(a) = -5*a - 16. What is the remainder when 72 is divided by b(-7)?
15
Suppose 5*q + 4*q - 567 = 0. What is the remainder when q is divided by 22?
19
Let u be (0/2)/((-6)/(-3)). Let q = 16 - 11. Suppose 0*i = q*b + 3*i - 3, -4*i - 16 = u. Calculate the remainder when 7 is divided by b.
1
Let v(x) be the third derivative of x**5/20 + x**4/12 - x**3/6 - 2*x**2. What is the remainder when v(-5) is divided by 22?
20
Suppose -4*d + 197 - 49 = -2*s, 3*d - 121 = -s. What is the remainder when d is divided by 14?
11
Suppose 4*x + 24 = 4*u, x - 3*u + 3 = -5. Calculate the remainder when 2/(-10) + (-201)/x is divided by 14.
12
Let s(y) be the second derivative of y**5/10 - 5*y**4/12 + y**3/2 - 2*y**2 - 2*y. What is the remainder when 40 is divided by s(3)?
12
Suppose 3*l - 4*l + 13 = 0. Calculate the remainder when 37 is divided by l.
11
Suppose 3*n - 31 = 2*n - t, n - 5*t - 19 = 0. What is the remainder when 287 is divided by n?
26
Suppose 2*p - 20 = z + 11, 3*p - 4*z = 34. What is the remainder when 52 is divided by p?
16
Let o be (-2)/7 - (-23)/7. What is the remainder when -6*(1 - (-1 + o)) is divided by 2?
0
Let l = -12 - -23. Suppose 4*v = 15 + 1. Let d(y) = -y**3 + 6*y**2 + y - 5. What is the remainder when d(v) is divided by l?
9
Suppose 0 = -91*u + 86*u + 270. What is the remainder when u is divided by 20?
14
Suppose -24*f = -20*f - 400. Let q = f + -71. Calculate the remainder when q is divided by 2/(-4) + (-31)/(-2).
14
Suppose 4*a - g = 45, -18 = -2*a + 2*g - 0*g. Calculate the remainder when 21 is divided by a.
9
Suppose -d + 6 = -17. What is the remainder when 134/(0 + (2 - 0)) is divided by d?
21
Let c = 60 - 40. What is the remainder when c is divided by -2 - (-9 - (1 + -1))?
6
What is the remainder when 105 is divided by ((-6)/8)/((-8)/384)?
33
Let h(i) = 23*i**2. Suppose -2 - 6 = 2*t + 3*g, t = 3*g + 5. What is the remainder when 45 is divided by h(t)?
22
Let q be (8/10)/((-6)/(-15)). What is the remainder when 25 is divided by q/(-7) + (-195)/(-